factors of 6/(1992/u + 2).
3, 167
Suppose 2*z - 12427 = 3*s - 359, 6037 = z - s. What are the prime factors of z?
6043
Suppose -168188 = 466*w - 469*w + 5*d, w = 5*d + 56066. List the prime factors of w.
3, 6229
Suppose -483*r + 1803004 = -9034067. List the prime factors of r.
3, 277
Suppose -584*o + 58*o = -40668216. List the prime factors of o.
2, 3, 17, 379
What are the prime factors of (202340/6 - (-4)/6) + (-2 - -3)?
5, 19, 71
List the prime factors of 8938 + (-4 - -7 - -10).
8951
Let k(o) = -12*o**2 - 3*o. Let q be k(-3). Let y = q + 67. Let r = y + 46. What are the prime factors of r?
2, 7
Let u = 8385 + -7668. Let s = 0 + 5. Suppose b - 385 = -4*i + 302, u = 4*i - s*b. What are the prime factors of i?
173
Suppose 20 = -3*v + 110. Suppose -51*x = -46*x - v. Suppose f = x*f - 260. List the prime factors of f.
2, 13
Let f be 48/16*4/6. Let b be f - (5 - 3 - -207). List the prime factors of (18 - 0)/((-46)/b).
3
Let v be 9/(-45) + (-9031)/(-5). Let r = -813 + v. What are the prime factors of r?
3, 331
Let a be -303 + 18 + -2 + 8/2. Let k = 499 + a. Suppose 13*x - 4*x - k = 0. What are the prime factors of x?
2, 3
Suppose -4*c = -32*r + 31*r + 2707, 2*r = 4*c + 5430. What are the prime factors of r?
7, 389
Let h(k) = -347*k + 134. List the prime factors of h(-7).
11, 233
Suppose 0 = -30*q + 7219 + 261641. What are the prime factors of q?
2, 4481
Let i be (-2)/(-4) - (-380)/40. Suppose 15*r - i*r - 2625 = 0. What are the prime factors of r?
3, 5, 7
Let n = 36 + -38. Let g be (-2 - n)/1 + 85. Suppose 0 = -i - 5, -3*b = -5*i - 42 - g. List the prime factors of b.
2, 17
Suppose -2*y - 933 = 3*x - 5149, -2*x = 3*y - 2809. Suppose -2*d + x = 5*b - 3*d, 2*b + d - 561 = 0. What are the prime factors of b?
281
Let m(l) = 94*l - 6. Let g = -69 + 70. Let k be m(g). List the prime factors of (-2)/(-4)*(-2 + k).
43
Suppose 0 = 4*z - 32, -r = 9*z - 13*z - 23387. What are the prime factors of r?
11, 2129
Suppose -16 = -2*n + u - 7, -3*n = 5*u + 19. Suppose 2745 = n*o + 7*o. What are the prime factors of o?
5, 61
Let s be (77/14 - 7)/(2/(-12)). Suppose -w = s*w. Suppose 3*i - 10*i + 294 = w. What are the prime factors of i?
2, 3, 7
Let h(i) be the second derivative of -29*i**3/2 + 25*i**2 - i - 70. List the prime factors of h(-13).
1181
Let x(j) = -5493*j**3 - 4*j - 6. What are the prime factors of x(-1)?
17, 19
Let u = -659 + 663. List the prime factors of u + -8 + 2 + 1018/1.
2, 127
What are the prime factors of -916*(391/(-68) + -10)?
3, 7, 229
Let r(u) = -7*u - 60. Let t be r(-9). Let o = -10 + 13. Suppose m - t = -z, -o*m + m = -2. What are the prime factors of z?
2
Let f = -41249 - -71416. What are the prime factors of f?
97, 311
Let w(j) = 26*j**2 + 37*j - 2. Let x(d) = -d + 12. Let m be x(9). List the prime factors of w(m).
7
Let b be 8/(-40) + 2206/5. Let w = -251 + b. What are the prime factors of w?
2, 5, 19
Let x(z) = -13*z**3 - 6*z**2 - 8*z + 6. Let g = -52 + 49. List the prime factors of x(g).
3, 109
Suppose 0 = -0*m - 12*m + 1332. Suppose 7*u = 498 + m. What are the prime factors of u?
3, 29
Let b = -1694 - -1698. Let q(v) = 3*v**3 - 2*v**3 + 6 - 1. List the prime factors of q(b).
3, 23
Suppose -2*j - 4*v = -6, -65*j + 63*j + 15 = v. What are the prime factors of 1761*(-8 - (j - 18))?
3, 587
Suppose 2*i = 4*w - 33422, 0 = -4*w + 667*i - 669*i + 33434. List the prime factors of w.
61, 137
Let m = -11756 - -24696. What are the prime factors of m?
2, 5, 647
Let z(y) = -19*y + 16*y**2 + 2*y + 19 + 11*y + 5. List the prime factors of z(-6).
2, 3, 53
Let m(p) = -p**3 + 7*p**2 + 5*p - 10. Let w = -1 + 56. Suppose 0 = -3*j - 0*s + 2*s + 13, 5*j + 5*s = w. What are the prime factors of m(j)?
5
Let g be 6/10*(2025 - -50). Let i = g + -281. List the prime factors of i.
2, 241
Let h(v) = -2395*v + 3094. What are the prime factors of h(-4)?
2, 6337
Suppose 4*a + 9*q = 7*q - 16, 16 = -4*a - q. Let n be (a/(-14))/(-1) - (-38688)/168. Suppose -5*r + g = -602 - n, -3*r + g = -498. List the prime factors of r.
167
Let n = 480 + -303. Let i = n - 81. Suppose 3*k = -12, -k = -2*l - 4*k + i. What are the prime factors of l?
2, 3
Let g = 56513 - -1634. List the prime factors of g.
58147
Suppose 2*w - 45587 = -3*n, -3*n - 57234 = -2*w - 11689. List the prime factors of w.
22783
Let x(i) = 3*i**2 - 46*i + 20. Let c be x(15). Suppose -c*p = -10*p + 805. List the prime factors of p.
7, 23
Let r(h) be the first derivative of h**4/12 + h**3/3 + h**2/2 + 2*h - 1. Let m(n) be the first derivative of r(n). What are the prime factors of m(-7)?
2, 3
Let r(x) = 4*x + 8. Let k(m) = m - 1. Let p(t) = -2*k(t) + r(t). Suppose 1 + 0 = -l - u, -26 = 5*l - 2*u. List the prime factors of p(l).
2
Let c(o) = -9 - 151*o**2 + 9 + o**3 + 11 + 8*o + 160*o**2. Let y be c(-8). Suppose -81 = y*k - 488. What are the prime factors of k?
37
Suppose -30038*u + 30019*u + 771970 = 0. List the prime factors of u.
2, 5, 17, 239
Let z(a) be the third derivative of a**8/5040 + a**7/252 + a**6/60 + a**5/4 - 5*a**2. Let i(p) be the third derivative of z(p). List the prime factors of i(-5).
2, 3
Let g = 15015 + -6890. List the prime factors of g.
5, 13
Let c(n) = 22*n - 1369. List the prime factors of c(88).
3, 7
Suppose -i - n + 30 = -6*n, 3*i + 5 = -4*n. Suppose 18 = i*l + 8. What are the prime factors of 1 + l/((-6)/(-633)) - -1?
3, 71
Let i(y) be the second derivative of y**4/4 - 5*y**3 - 131*y**2/2 + 77*y. What are the prime factors of i(-6)?
157
Let m = 248 - 260. Let z(a) = -80*a - 135. What are the prime factors of z(m)?
3, 5, 11
Let p be 120/25 - (1 + 12/(-10)). Suppose 4 = -t, -p*z - t + 5182 = -4*t. What are the prime factors of z?
2, 11, 47
Let h(z) = 7*z**2 + 4*z - 7. Let g be h(-9). Let c(n) = -3*n + 37. Let f be c(13). What are the prime factors of 3*f/(-12)*g?
2, 131
Let z be (-374)/(-88) - 3/36*3. Suppose -z*u - 108 = -4*s, 2*s + 2*s - 2*u = 98. List the prime factors of s.
2, 11
Let z(r) = -9*r + 11. Let g be z(-8). Suppose -4*c - 8 = 0, l + g = -c + 351. Suppose -q = -2*d + l, 4*d = -d + q + 669. List the prime factors of d.
7, 19
Suppose -247*s = -246*s - 5*x - 10047, 0 = 3*x + 15. List the prime factors of s.
2, 5011
Let a be 75/11 - 1 - (-8)/44. Suppose -3*m + 3*b + 18 = 0, -5*b = 4*m + 6 + a. Suppose -4*u + 3*f = -515, -u - m*u + 355 = 4*f. List the prime factors of u.
5
Let r(y) = 2*y**2 - 14*y + 198. List the prime factors of r(23).
2, 467
Suppose 3*l - 3*b = 29301, 15*l - 12*l - 5*b = 29297. What are the prime factors of l?
9769
Let r be (-39 + 40)/((-1)/5*-1). Suppose r*m - 18*m = -2483. What are the prime factors of m?
191
Suppose 4*j - t = 66 + 85, 2*j = t + 75. Let y = 40 - j. Suppose 0 = -b - 2*d + 69, -126 + 18 = -y*b + 2*d. What are the prime factors of b?
59
Suppose p - 5*p = 5*l - 3, -4*p = -l + 15. Suppose -4*g + 61 = -l*g. Suppose 67 = 3*k + w, -3*k = 2*w + 2*w - g. List the prime factors of k.
23
Suppose -7*z = -2*z - 3*v - 97068, -77644 = -4*z + 5*v. List the prime factors of z.
2, 3, 809
Let n be 2/2 + 1 - (-2 - 0). Suppose 0 = n*x + 9 - 21. Suppose -x*z + 47 - 11 = 0. List the prime factors of z.
2, 3
Suppose 42 = 3*z - 5*z. Let q(s) = -s - 9. Let j be q(z). Suppose -2*d + m + j = -2*m, -2*m + 18 = 3*d. List the prime factors of d.
2, 3
Let y = 19949 - 19708. Suppose 3*m - 307 = -3*u - 2*m, 5*u + 3*m = 485. Let d = y - u. What are the prime factors of d?
3, 7
Suppose 279*u - 269*u - 30620 = 0. What are the prime factors of u?
2, 1531
Suppose 4*r - 4160 = -0*r. Let g = r + -142. What are the prime factors of g?
2, 449
What are the prime factors of 0*4/16 - (4 - 2) - -10700?
2, 3, 1783
Let u(c) = c**3 - 23*c**2 + 27*c - 20. Let h be (-1)/(2/6*9/66). Let d(t) = -t**2 - 24*t - 22. Let g be d(h). List the prime factors of u(g).
2, 3, 5
Let k = 106 + -113. Let x(g) = 6*g**2 - 7*g - 51. What are the prime factors of x(k)?
2, 73
Let y be (-20)/6 - 4/(-12) - -8. Suppose -5*f = -5*t - 1795, -2*f - y*t + 365 = -f. What are the prime factors of f?
2, 3, 5
Suppose 89174 = 2*o - 5*c + 15269, -3*o + 110880 = -3*c. What are the prime factors of o?
5, 7393
Let n(w) = -2*w + 34. Let r be n(12). Let f(z) = 4*z + 6. Let c be f(r). Let t = c + -25. List the prime factors of t.
3, 7
What are the prime factors of ((-166408)/305)/((-12)/270)?
2, 3, 11, 31
Suppose 2*q + 2*z - 22124 -